{"id":397,"date":"2025-04-10T12:59:26","date_gmt":"2025-04-10T12:59:26","guid":{"rendered":"https:\/\/www.le-sherpa.com\/chambres\/chambre-triple-avec-balcon\/"},"modified":"2025-10-13T09:47:50","modified_gmt":"2025-10-13T09:47:50","slug":"chambre-triple-avec-balcon","status":"publish","type":"page","link":"https:\/\/www.le-sherpa.com\/nl\/chambres\/chambre-triple-avec-balcon\/","title":{"rendered":"Chambre Triple avec Balcon"},"content":{"rendered":"<p style=\"text-align: center;\">Adapt\u00e9es pour <strong>3 personnes<\/strong>, ces chambres avec <strong>trois lits simples<\/strong> offrent tout le confort n\u00e9cessaire pour un s\u00e9jour agr\u00e9able.<\/p>\n<p style=\"text-align: center;\">Si vous souhaitez que nous pr\u00e9parions<strong> deux lits simples en un lit double<\/strong>, merci de bien vouloir nous en informer lors de la r\u00e9servation.<\/p>\n<p style=\"text-align: center;\">Profitez de <strong>votre balcon priv\u00e9, am\u00e9nag\u00e9 avec des chaises<\/strong> \u2014 id\u00e9al pour respirer l\u2019air pur de la montagne et admirer la vue.<\/p>\n<p style=\"text-align: center;\">\n","protected":false},"excerpt":{"rendered":"<p>Adapt\u00e9es pour 3 personnes, ces chambres avec trois lits simples offrent tout le confort n\u00e9cessaire pour un s\u00e9jour agr\u00e9able. Si vous souhaitez que nous pr\u00e9parions deux lits simples en un lit double, merci de bien vouloir nous en informer lors de la r\u00e9servation. Profitez de votre balcon priv\u00e9, am\u00e9nag\u00e9 avec des chaises \u2014 id\u00e9al pour [&hellip;]<\/p>\n","protected":false},"author":208,"featured_media":0,"parent":394,"menu_order":3,"comment_status":"closed","ping_status":"closed","template":"template-single-room.php","meta":{"footnotes":""},"yoast_head":"<!-- This site is optimized with the Yoast SEO plugin v22.3 - https:\/\/yoast.com\/wordpress\/plugins\/seo\/ -->\n<title>Chambre Triple avec Balcon - Le Sherpa Les Deux Alpes<\/title>\n<meta name=\"robots\" content=\"index, follow, max-snippet:-1, max-image-preview:large, max-video-preview:-1\" \/>\n<link rel=\"canonical\" href=\"https:\/\/www.le-sherpa.com\/nl\/chambres\/chambre-triple-avec-balcon\/\" \/>\n<meta property=\"og:locale\" content=\"nl_NL\" \/>\n<meta property=\"og:type\" content=\"article\" \/>\n<meta property=\"og:title\" content=\"Chambre Triple avec Balcon - Le Sherpa Les Deux Alpes\" \/>\n<meta property=\"og:description\" content=\"Adapt\u00e9es pour 3 personnes, ces chambres avec trois lits simples offrent tout le confort n\u00e9cessaire pour un s\u00e9jour agr\u00e9able. Si vous souhaitez que nous pr\u00e9parions deux lits simples en un lit double, merci de bien vouloir nous en informer lors de la r\u00e9servation. Profitez de votre balcon priv\u00e9, am\u00e9nag\u00e9 avec des chaises \u2014 id\u00e9al pour [&hellip;]\" \/>\n<meta property=\"og:url\" content=\"https:\/\/www.le-sherpa.com\/nl\/chambres\/chambre-triple-avec-balcon\/\" \/>\n<meta property=\"og:site_name\" content=\"Le Sherpa Les Deux Alpes\" \/>\n<meta property=\"article:publisher\" content=\"https:\/\/facebook.com\/Hotel.Le.Sherpa\" \/>\n<meta property=\"article:modified_time\" content=\"2025-10-13T09:47:50+00:00\" \/>\n<meta name=\"twitter:card\" content=\"summary_large_image\" \/>\n<meta name=\"twitter:label1\" content=\"Geschatte leestijd\" \/>\n\t<meta name=\"twitter:data1\" content=\"1 minuut\" \/>\n<script type=\"application\/ld+json\" class=\"yoast-schema-graph\">{\"@context\":\"https:\/\/schema.org\",\"@graph\":[{\"@type\":\"WebPage\",\"@id\":\"https:\/\/www.le-sherpa.com\/nl\/chambres\/chambre-triple-avec-balcon\/\",\"url\":\"https:\/\/www.le-sherpa.com\/nl\/chambres\/chambre-triple-avec-balcon\/\",\"name\":\"Chambre Triple avec Balcon - Le Sherpa Les Deux Alpes\",\"isPartOf\":{\"@id\":\"https:\/\/www.le-sherpa.com\/nl\/#website\"},\"datePublished\":\"2025-04-10T12:59:26+00:00\",\"dateModified\":\"2025-10-13T09:47:50+00:00\",\"breadcrumb\":{\"@id\":\"https:\/\/www.le-sherpa.com\/nl\/chambres\/chambre-triple-avec-balcon\/#breadcrumb\"},\"inLanguage\":\"nl-NL\",\"potentialAction\":[{\"@type\":\"ReadAction\",\"target\":[\"https:\/\/www.le-sherpa.com\/nl\/chambres\/chambre-triple-avec-balcon\/\"]}]},{\"@type\":\"BreadcrumbList\",\"@id\":\"https:\/\/www.le-sherpa.com\/nl\/chambres\/chambre-triple-avec-balcon\/#breadcrumb\",\"itemListElement\":[{\"@type\":\"ListItem\",\"position\":1,\"name\":\"Home\",\"item\":\"https:\/\/www.le-sherpa.com\/nl\/\"},{\"@type\":\"ListItem\",\"position\":2,\"name\":\"Kamers\",\"item\":\"https:\/\/www.le-sherpa.com\/nl\/chambres\/\"},{\"@type\":\"ListItem\",\"position\":3,\"name\":\"Chambre Triple avec Balcon\"}]},{\"@type\":\"WebSite\",\"@id\":\"https:\/\/www.le-sherpa.com\/nl\/#website\",\"url\":\"https:\/\/www.le-sherpa.com\/nl\/\",\"name\":\"Le Sherpa Les Deux Alpes\",\"description\":\"\",\"publisher\":{\"@id\":\"https:\/\/www.le-sherpa.com\/nl\/#organization\"},\"potentialAction\":[{\"@type\":\"SearchAction\",\"target\":{\"@type\":\"EntryPoint\",\"urlTemplate\":\"https:\/\/www.le-sherpa.com\/nl\/?s={search_term_string}\"},\"query-input\":\"required name=search_term_string\"}],\"inLanguage\":\"nl-NL\"},{\"@type\":\"Organization\",\"@id\":\"https:\/\/www.le-sherpa.com\/nl\/#organization\",\"name\":\"Le Sherpa Les Deux Alpes\",\"url\":\"https:\/\/www.le-sherpa.com\/nl\/\",\"logo\":{\"@type\":\"ImageObject\",\"inLanguage\":\"nl-NL\",\"@id\":\"https:\/\/www.le-sherpa.com\/nl\/#\/schema\/logo\/image\/\",\"url\":\"https:\/\/www.le-sherpa.com\/wp-content\/uploads\/sites\/236\/2025\/04\/Le-Sherpa-l_exterieur-2025.jpg\",\"contentUrl\":\"https:\/\/www.le-sherpa.com\/wp-content\/uploads\/sites\/236\/2025\/04\/Le-Sherpa-l_exterieur-2025.jpg\",\"width\":2200,\"height\":1576,\"caption\":\"Le Sherpa Les Deux Alpes\"},\"image\":{\"@id\":\"https:\/\/www.le-sherpa.com\/nl\/#\/schema\/logo\/image\/\"},\"sameAs\":[\"https:\/\/facebook.com\/Hotel.Le.Sherpa\",\"https:\/\/www.instagram.com\/lesherpa_l2a\"]}]}<\/script>\n<!-- \/ Yoast SEO plugin. -->","yoast_head_json":{"title":"Chambre Triple avec Balcon - Le Sherpa Les Deux Alpes","robots":{"index":"index","follow":"follow","max-snippet":"max-snippet:-1","max-image-preview":"max-image-preview:large","max-video-preview":"max-video-preview:-1"},"canonical":"https:\/\/www.le-sherpa.com\/nl\/chambres\/chambre-triple-avec-balcon\/","og_locale":"nl_NL","og_type":"article","og_title":"Chambre Triple avec Balcon - Le Sherpa Les Deux Alpes","og_description":"Adapt\u00e9es pour 3 personnes, ces chambres avec trois lits simples offrent tout le confort n\u00e9cessaire pour un s\u00e9jour agr\u00e9able. Si vous souhaitez que nous pr\u00e9parions deux lits simples en un lit double, merci de bien vouloir nous en informer lors de la r\u00e9servation. Profitez de votre balcon priv\u00e9, am\u00e9nag\u00e9 avec des chaises \u2014 id\u00e9al pour [&hellip;]","og_url":"https:\/\/www.le-sherpa.com\/nl\/chambres\/chambre-triple-avec-balcon\/","og_site_name":"Le Sherpa Les Deux Alpes","article_publisher":"https:\/\/facebook.com\/Hotel.Le.Sherpa","article_modified_time":"2025-10-13T09:47:50+00:00","twitter_card":"summary_large_image","twitter_misc":{"Geschatte leestijd":"1 minuut"},"schema":{"@context":"https:\/\/schema.org","@graph":[{"@type":"WebPage","@id":"https:\/\/www.le-sherpa.com\/nl\/chambres\/chambre-triple-avec-balcon\/","url":"https:\/\/www.le-sherpa.com\/nl\/chambres\/chambre-triple-avec-balcon\/","name":"Chambre Triple avec Balcon - Le Sherpa Les Deux Alpes","isPartOf":{"@id":"https:\/\/www.le-sherpa.com\/nl\/#website"},"datePublished":"2025-04-10T12:59:26+00:00","dateModified":"2025-10-13T09:47:50+00:00","breadcrumb":{"@id":"https:\/\/www.le-sherpa.com\/nl\/chambres\/chambre-triple-avec-balcon\/#breadcrumb"},"inLanguage":"nl-NL","potentialAction":[{"@type":"ReadAction","target":["https:\/\/www.le-sherpa.com\/nl\/chambres\/chambre-triple-avec-balcon\/"]}]},{"@type":"BreadcrumbList","@id":"https:\/\/www.le-sherpa.com\/nl\/chambres\/chambre-triple-avec-balcon\/#breadcrumb","itemListElement":[{"@type":"ListItem","position":1,"name":"Home","item":"https:\/\/www.le-sherpa.com\/nl\/"},{"@type":"ListItem","position":2,"name":"Kamers","item":"https:\/\/www.le-sherpa.com\/nl\/chambres\/"},{"@type":"ListItem","position":3,"name":"Chambre Triple avec Balcon"}]},{"@type":"WebSite","@id":"https:\/\/www.le-sherpa.com\/nl\/#website","url":"https:\/\/www.le-sherpa.com\/nl\/","name":"Le Sherpa Les Deux Alpes","description":"","publisher":{"@id":"https:\/\/www.le-sherpa.com\/nl\/#organization"},"potentialAction":[{"@type":"SearchAction","target":{"@type":"EntryPoint","urlTemplate":"https:\/\/www.le-sherpa.com\/nl\/?s={search_term_string}"},"query-input":"required name=search_term_string"}],"inLanguage":"nl-NL"},{"@type":"Organization","@id":"https:\/\/www.le-sherpa.com\/nl\/#organization","name":"Le Sherpa Les Deux Alpes","url":"https:\/\/www.le-sherpa.com\/nl\/","logo":{"@type":"ImageObject","inLanguage":"nl-NL","@id":"https:\/\/www.le-sherpa.com\/nl\/#\/schema\/logo\/image\/","url":"https:\/\/www.le-sherpa.com\/wp-content\/uploads\/sites\/236\/2025\/04\/Le-Sherpa-l_exterieur-2025.jpg","contentUrl":"https:\/\/www.le-sherpa.com\/wp-content\/uploads\/sites\/236\/2025\/04\/Le-Sherpa-l_exterieur-2025.jpg","width":2200,"height":1576,"caption":"Le Sherpa Les Deux Alpes"},"image":{"@id":"https:\/\/www.le-sherpa.com\/nl\/#\/schema\/logo\/image\/"},"sameAs":["https:\/\/facebook.com\/Hotel.Le.Sherpa","https:\/\/www.instagram.com\/lesherpa_l2a"]}]}},"acf":[],"_links":{"self":[{"href":"https:\/\/www.le-sherpa.com\/nl\/wp-json\/wp\/v2\/pages\/397"}],"collection":[{"href":"https:\/\/www.le-sherpa.com\/nl\/wp-json\/wp\/v2\/pages"}],"about":[{"href":"https:\/\/www.le-sherpa.com\/nl\/wp-json\/wp\/v2\/types\/page"}],"author":[{"embeddable":true,"href":"https:\/\/www.le-sherpa.com\/nl\/wp-json\/wp\/v2\/users\/208"}],"replies":[{"embeddable":true,"href":"https:\/\/www.le-sherpa.com\/nl\/wp-json\/wp\/v2\/comments?post=397"}],"version-history":[{"count":0,"href":"https:\/\/www.le-sherpa.com\/nl\/wp-json\/wp\/v2\/pages\/397\/revisions"}],"up":[{"embeddable":true,"href":"https:\/\/www.le-sherpa.com\/nl\/wp-json\/wp\/v2\/pages\/394"}],"wp:attachment":[{"href":"https:\/\/www.le-sherpa.com\/nl\/wp-json\/wp\/v2\/media?parent=397"}],"curies":[{"name":"wp","href":"https:\/\/api.w.org\/{rel}","templated":true}]}}

<p style="text-align: center;">Adaptées pour <strong>3 personnes</strong>, ces chambres avec <strong>trois lits simples</strong> offrent tout le confort nécessaire pour un séjour agréable.</p>
<p style="text-align: center;">Si vous souhaitez que nous préparions<strong> deux lits simples en un lit double</strong>, merci de bien vouloir nous en informer lors de la réservation.</p>
<p style="text-align: center;">Profitez de <strong>votre balcon privé, aménagé avec des chaises</strong> — idéal pour respirer l’air pur de la montagne et admirer la vue.</p>
<p style="text-align: center;">

<p>Adaptées pour 3 personnes, ces chambres avec trois lits simples offrent tout le confort nécessaire pour un séjour agréable. Si vous souhaitez que nous préparions deux lits simples en un lit double, merci de bien vouloir nous en informer lors de la réservation. Profitez de votre balcon privé, aménagé avec des chaises — idéal pour [&hellip;]</p>

<!-- This site is optimized with the Yoast SEO plugin v22.3 - https://yoast.com/wordpress/plugins/seo/ -->
<title>Chambre Triple avec Balcon - Le Sherpa Les Deux Alpes</title>
<meta name="robots" content="index, follow, max-snippet:-1, max-image-preview:large, max-video-preview:-1" />
<link rel="canonical" href="https://www.le-sherpa.com/nl/chambres/chambre-triple-avec-balcon/" />
<meta property="og:locale" content="nl_NL" />
<meta property="og:type" content="article" />
<meta property="og:title" content="Chambre Triple avec Balcon - Le Sherpa Les Deux Alpes" />
<meta property="og:description" content="Adaptées pour 3 personnes, ces chambres avec trois lits simples offrent tout le confort nécessaire pour un séjour agréable. Si vous souhaitez que nous préparions deux lits simples en un lit double, merci de bien vouloir nous en informer lors de la réservation. Profitez de votre balcon privé, aménagé avec des chaises — idéal pour [&hellip;]" />
<meta property="og:url" content="https://www.le-sherpa.com/nl/chambres/chambre-triple-avec-balcon/" />
<meta property="og:site_name" content="Le Sherpa Les Deux Alpes" />
<meta property="article:publisher" content="https://facebook.com/Hotel.Le.Sherpa" />
<meta property="article:modified_time" content="2025-10-13T09:47:50+00:00" />
<meta name="twitter:card" content="summary_large_image" />
<meta name="twitter:label1" content="Geschatte leestijd" />
	<meta name="twitter:data1" content="1 minuut" />
<script type="application/ld+json" class="yoast-schema-graph">{"@context":"https://schema.org","@graph":[{"@type":"WebPage","@id":"https://www.le-sherpa.com/nl/chambres/chambre-triple-avec-balcon/","url":"https://www.le-sherpa.com/nl/chambres/chambre-triple-avec-balcon/","name":"Chambre Triple avec Balcon - Le Sherpa Les Deux Alpes","isPartOf":{"@id":"https://www.le-sherpa.com/nl/#website"},"datePublished":"2025-04-10T12:59:26+00:00","dateModified":"2025-10-13T09:47:50+00:00","breadcrumb":{"@id":"https://www.le-sherpa.com/nl/chambres/chambre-triple-avec-balcon/#breadcrumb"},"inLanguage":"nl-NL","potentialAction":[{"@type":"ReadAction","target":["https://www.le-sherpa.com/nl/chambres/chambre-triple-avec-balcon/"]}]},{"@type":"BreadcrumbList","@id":"https://www.le-sherpa.com/nl/chambres/chambre-triple-avec-balcon/#breadcrumb","itemListElement":[{"@type":"ListItem","position":1,"name":"Home","item":"https://www.le-sherpa.com/nl/"},{"@type":"ListItem","position":2,"name":"Kamers","item":"https://www.le-sherpa.com/nl/chambres/"},{"@type":"ListItem","position":3,"name":"Chambre Triple avec Balcon"}]},{"@type":"WebSite","@id":"https://www.le-sherpa.com/nl/#website","url":"https://www.le-sherpa.com/nl/","name":"Le Sherpa Les Deux Alpes","description":"","publisher":{"@id":"https://www.le-sherpa.com/nl/#organization"},"potentialAction":[{"@type":"SearchAction","target":{"@type":"EntryPoint","urlTemplate":"https://www.le-sherpa.com/nl/?s={search_term_string}"},"query-input":"required name=search_term_string"}],"inLanguage":"nl-NL"},{"@type":"Organization","@id":"https://www.le-sherpa.com/nl/#organization","name":"Le Sherpa Les Deux Alpes","url":"https://www.le-sherpa.com/nl/","logo":{"@type":"ImageObject","inLanguage":"nl-NL","@id":"https://www.le-sherpa.com/nl/#/schema/logo/image/","url":"https://www.le-sherpa.com/wp-content/uploads/sites/236/2025/04/Le-Sherpa-l_exterieur-2025.jpg","contentUrl":"https://www.le-sherpa.com/wp-content/uploads/sites/236/2025/04/Le-Sherpa-l_exterieur-2025.jpg","width":2200,"height":1576,"caption":"Le Sherpa Les Deux Alpes"},"image":{"@id":"https://www.le-sherpa.com/nl/#/schema/logo/image/"},"sameAs":["https://facebook.com/Hotel.Le.Sherpa","https://www.instagram.com/lesherpa_l2a"]}]}</script>
<!-- / Yoast SEO plugin. -->

Adaptées pour 3 personnes, ces chambres avec trois lits simples offrent tout le confort nécessaire pour un séjour agréable. Si vous souhaitez que nous préparions deux lits simples en un lit double, merci de bien vouloir nous en informer lors de la réservation. Profitez de votre balcon privé, aménagé avec des chaises — idéal pour [&hellip;]
